 - 0. What is the units digit of t?
1
Let f = -17 + 65. Suppose -f = 2*k - 5*k. Suppose 0 = -4*u + 20, 0 = -2*g + 5*g - 4*u - k. What is the tens digit of g?
1
Let l = 97 - 57. What is the units digit of l?
0
Suppose -3*c + 28 = 4*q - 16, -3*c = -4*q - 76. Suppose -2*r - 2*x - c = -3*r, -r - 5*x + 13 = 0. What is the units digit of r?
8
Let x be (-2)/4 + 34/(-4). Let t = x + 11. What is the units digit of t?
2
Let a = 5 + -2. Suppose 17 = -2*y + a*o, -2*o + 0 = y - 2. What is the units digit of 3/((-9)/(-6)) - y?
6
Let f(y) = 3*y**2 - 2*y + 17. What is the tens digit of f(5)?
8
Suppose -2*g = 11 + 21. Let o = g - -32. What is the units digit of o?
6
Let r be -3 - (-9)/3 - -2. Suppose -2*a + 3*j + 3 = -0*j, 3*j - 33 = -r*a. What is the units digit of a?
9
Let x(a) = 5*a**2 + 5*a - 9. Let k(q) = 9*q**2 + 10*q - 17. Let w(f) = 4*k(f) - 7*x(f). Suppose y + 1 + 5 = 0. What is the units digit of w(y)?
1
Suppose -k - 45 = -3*f, -148 - 38 = 5*k - 2*f. What is the units digit of (-981)/k - 2/8?
7
Let t = -1 + 5. What is the units digit of (1 - t)/(6/(-16))?
8
Let g(c) be the first derivative of -11*c**2/2 - 3*c + 1. What is the units digit of g(-2)?
9
Suppose 0 = 3*y + 4*i - 4, -2*y - 5*i - 5 = -3. Suppose 3*b + 4*x - 18 = b, -y*b - 4*x + 36 = 0. What is the units digit of b?
9
Suppose -i = 4*v - 17, 2*i = -2*i - 2*v + 12. Let x be (i - 16)*(-8)/12. Let p = x + -4. What is the units digit of p?
6
Let k be -3 + 2 + 2 + 5. What is the units digit of (-2)/((k/(-2))/6)?
4
Suppose -2*s - 147 = 3*s + 2*k, -s - 24 = -5*k. Let n = s - -57. What is the units digit of n?
8
Let g(c) = -14*c - 36. What is the units digit of g(-3)?
6
Let n(r) = 2*r**2 + 4*r + 3. Let d be n(-2). Suppose -3*b - l + 21 = -d, 0 = 5*b - l - 48. What is the units digit of b?
9
Suppose -h + 6*h = 15. Suppose -j + 1 = h. What is the units digit of -1 - j*(-9)/(-2)?
8
Let k(p) be the first derivative of 11*p + 2 + 1/4*p**4 + 0*p**3 - 1/2*p**2. What is the tens digit of k(0)?
1
Let x(h) = h**2 + 2*h - 4. Let c be x(5). Suppose 4*d = c + 29. What is the units digit of d?
5
Let d be 2/(-3) + 8/(-6). Let h be (2/d)/1*-4. What is the units digit of h + 0 + 2 + -3?
3
Let j(r) = 2*r**2 - r - 1. Let a be j(-1). Let p = 42 + -30. Suppose -h + p = a*h. What is the units digit of h?
4
Suppose 3*n = 5*n - 12. Suppose -u - 2*l - 3 = -6*l, 2*u + 2*l - 44 = 0. Let f = u - n. What is the units digit of f?
1
Let a = -1 + 1. Let i be (-1)/((-3)/(-6) - a). What is the units digit of (-1 - (i + 1)) + 3?
3
Let i(v) = -v + 4. Let s be i(-11). Let g = s + -3. What is the tens digit of g?
1
Let b(z) = z + 1 + 3 + 1. Let h be b(0). Suppose c - 3*f = -0*f + 20, -5*c - h*f = 0. What is the units digit of c?
5
Let y = -10 - -14. Suppose -5*c = -y - 51. What is the tens digit of c?
1
What is the tens digit of 7/28 + (-431)/(-4)?
0
Let u(o) = -14*o - 21. Let w(b) = -21*b - 31. Let f(m) = 8*u(m) - 5*w(m). What is the units digit of f(-8)?
3
Suppose 0 = 5*j + 3*m - 1366 + 401, -2*m - 750 = -4*j. What is the units digit of j?
0
Suppose -3*w + 7 = -2*g, 0 = 5*w - 0*w + 5*g - 20. Suppose w*d - 3*s = 4*d - 4, 3*d - 12 = -3*s. What is the units digit of d?
4
Suppose 5*l + 5 + 5 = 0. Let w be 7/9 - l/9. Let x = w - -11. What is the tens digit of x?
1
Suppose 0 = 3*l - 1 + 7. Let j be l - (-1)/1*8. What is the units digit of j/(-18) + 20/6?
3
Suppose 4*q + 42 = 2*t + 2*q, 2*q + 108 = 5*t. What is the tens digit of t?
2
Let k(x) = 3*x**3 + 26*x**2 + 7*x - 45. Let p(t) = -t**3 - 9*t**2 - 2*t + 15. Let b(o) = 2*k(o) + 7*p(o). What is the tens digit of b(-11)?
1
What is the units digit of (2/(-4))/(-2*(-1)/(-612))?
3
Let d(l) = l**3 - 6*l**2 - 7*l + 3. Let p be d(7). Suppose 6 = o + o. Suppose 0 = o*x + 2*j - 40, 0 = 3*x + p*j - 16 - 29. What is the tens digit of x?
1
Let r be (-70)/(-4)*12/10. Suppose 0 = -5*s + n, 3 = -3*s - 3*n + r. What is the units digit of s?
1
Let f = -8 + 13. Suppose 0 = -f*a + 3 + 17. Suppose k - 25 = -a*k. What is the units digit of k?
5
Let q(d) = -2*d**2 + 19*d - 10. Let m be q(9). Suppose 5*y - 2 = 3. What is the units digit of (0 - 4)*m*y?
4
Suppose -99 + 319 = 4*j. What is the tens digit of j?
5
Suppose -b = 3*d - 22, -b + 66 = 3*b + d. Suppose -5*a = -v + 3*v + 20, -4*a = b. Suppose -28 = -v*t - 4*t. What is the units digit of t?
7
Let n(q) = 9*q - 1. Let b be n(3). Suppose -3*a + a + 4*p = -b, 4*a - 3*p = 27. What is the units digit of a?
3
Let q be -4 + 2 + -1 + 11. Suppose -f = -q - 3. What is the tens digit of f?
1
Let t(r) = r + 7. Let y be t(-5). Suppose 33 = y*z + z. What is the tens digit of z?
1
Let i = -3 - -7. Suppose -3*z + i*z - 3 = 0. What is the units digit of z?
3
Suppose -5*f = -16 + 1. Suppose 13 = f*z - 20. What is the units digit of z?
1
Let n(z) = -z**3 - 22*z**2 - 46*z - 48. What is the tens digit of n(-20)?
7
Suppose -3*w - 2*w = -155. What is the units digit of w?
1
Let w = 132 + 23. What is the units digit of w?
5
Let r = 10 + 2. Suppose 0 = f - 4*f + r. Suppose 0*a - 4*a = -f. What is the units digit of a?
1
What is the units digit of 10 + -4 + 1 + -2?
5
Let d = -2 + 6. Suppose f + d*i + 6 = 0, f + i - 4 = -2*f. Suppose -2*y + 6*y - f*m = 94, y - 2*m - 31 = 0. What is the units digit of y?
1
Let j(r) = r**3 - 9*r**2 - 28*r - 6. What is the units digit of j(12)?
0
Let x(g) be the first derivative of -g**3/3 - g**2/2 - g + 1. Let y be x(-3). What is the units digit of 3*y/3*-1?
7
Let s(a) = a**3 + 8*a**2 + a + 5. Let b be s(-8). Let p(v) = -3*v - 1. What is the units digit of p(b)?
8
Suppose 2*u = -u + 9. Suppose 5*c - 73 = -2*n - 0*n, -2*c + u*n = -33. What is the tens digit of c?
1
Let s(j) = -j**2 + 7*j. Let n be s(7). Suppose n = 2*c - 2*y - 63 - 33, -44 = -c + 3*y. What is the units digit of c?
0
Suppose -k = -3*p - 4 - 25, 0 = -4*p + 5*k - 46. Let x be ((-3)/(p/6))/2. What is the units digit of x*-1*(-4 - -1)?
3
Let x = 6 + -4. Suppose -5*i + 1 + 1 = 4*m, -x*m + 6 = 5*i. What is the units digit of -7*(m + (-16)/(-14))?
6
Let c(z) = z**2 - 15*z - 11. Let m(s) = -s**2 - s - 1. Let b(o) = c(o) + 2*m(o). What is the units digit of b(-14)?
9
Suppose 5*g = -n + 14, 2*n - 4 = -3*g + 3. Let u be 42 + -1*n*2. Suppose 0 = 4*w - 3*f - 36, -2*w + u = 2*w - f. What is the tens digit of w?
1
Suppose 4*y - 8 = -4*x, 4*x = 5*x + 4*y - 2. Let l(z) = -3*z**3 + 0*z**3 - x*z + 4*z**2 - 8*z**2 + 0 + 2. What is the tens digit of l(-2)?
1
Let n = -30 + 86. What is the tens digit of n?
5
Suppose -2*i + 13 = -s, 4*i - i = -4*s + 47. Suppose 4*o - i*o = -170. What is the units digit of o?
4
Let p(h) = h**3 + 6*h**2 - 4*h + 10. What is the units digit of p(-5)?
5
Suppose 104 + 51 = 5*r. Let l = -18 + r. What is the units digit of l?
3
Let o be (-126)/(-10) - 6/(-15). Suppose -23 = -4*s + o. What is the units digit of (-3)/s - (-26)/6?
4
Suppose 10*m - 60 - 60 = 0. What is the units digit of m?
2
Let q(r) = r**3 + 6*r**2 + r + 4. Let p be q(-6). What is the tens digit of 30*4/6 - p?
2
Let a = -80 + 138. What is the tens digit of a?
5
Let b(j) = 3*j - 1. Let r be b(1). Let i be 0 + 1*(r + 2). Suppose 2*n - m = -0*m + 18, 3*n - i*m - 32 = 0. What is the units digit of n?
8
Let n(q) = -q**2 - 3*q - 4. Let p be n(-3). Let i = 0 - p. What is the units digit of i?
4
Let g(x) = 9*x - 7. What is the tens digit of g(21)?
8
Suppose k = -3*c - k + 193, -5*c + 323 = 3*k. What is the units digit of c?
7
Let p(m) = -m - 5. Let i be p(-7). What is the units digit of 7/(i*(-2)/(-8))?
4
Let g(a) = a**3 + a**2 - a + 2. Let t be g(0). What is the units digit of (-162)/(-21) + t/7?
8
Suppose 0 = 2*r - 3*p - 299, -3*r + 3*p = 2*p - 459. What is the tens digit of r?
5
Let s(y) = -y**2 + 5*y - 1. Let d be s(4). Suppose -d = k - n, 0*k - 7 = k - 5*n. What is the tens digit of (k - (-15)/6)*20?
1
Let z = 93 + -9. What is the units digit of z?
4
Let y = 118 - 25. What is the tens digit of y?
9
Let h(m) = -m**3 + 6*m**2 + m + 2. Let w(z) = -z**3 + 4*z**2 - 5*z + 4. Let t be w(3). Let n be (1/t)/(4/(-48)). What is the units digit of h(n)?
8
What is the hundreds digit of -3 + -2 - (0 - 144)?
1
Suppose -14 = h + 4*t + 10, -3*h - 27 = -3*t. What is the units digit of 16/h + 64/3?
0
Suppose 373 = 4*m - 47. What is the hundreds digit of m?
1
Let t = 14 - -12. What is the units digit of t?
6
Let q = -35 - -22. What is the unit